the highest common divisor of 954952 and 79?
79
What is the greatest common factor of 28 and 58387?
7
Calculate the highest common divisor of 6705622 and 22.
22
What is the highest common divisor of 1012 and 6028?
44
Calculate the highest common factor of 4844 and 824172.
692
What is the greatest common divisor of 6123 and 156?
39
What is the greatest common factor of 34554 and 390?
78
Calculate the greatest common factor of 16 and 6632088.
8
Calculate the highest common divisor of 512 and 357760.
128
Calculate the highest common divisor of 640072 and 38.
38
What is the greatest common factor of 375159 and 12?
3
What is the greatest common factor of 2052 and 1862?
38
What is the greatest common factor of 360 and 1035?
45
What is the highest common divisor of 236949 and 57?
57
Calculate the highest common factor of 10461 and 176.
11
Calculate the highest common divisor of 253924 and 1592.
796
What is the highest common divisor of 385518 and 6576?
822
What is the highest common divisor of 465 and 11055?
15
What is the greatest common divisor of 52 and 267956?
52
Calculate the greatest common factor of 3 and 83319.
3
Calculate the highest common factor of 1 and 51926.
1
What is the greatest common factor of 370700 and 220?
220
Calculate the highest common divisor of 46 and 4799456.
46
Calculate the greatest common factor of 34428 and 912.
228
What is the highest common divisor of 91 and 134953?
91
Calculate the greatest common divisor of 1190 and 7210.
70
What is the highest common divisor of 27782 and 58?
58
Calculate the highest common divisor of 1794 and 9771.
3
Calculate the greatest common factor of 10 and 4330.
10
Calculate the greatest common divisor of 3855 and 90525.
15
Calculate the highest common factor of 5629 and 377.
13
Calculate the highest common factor of 2128 and 928.
16
Calculate the greatest common factor of 30 and 2023410.
30
What is the greatest common divisor of 1683 and 11847?
33
What is the greatest common factor of 8037 and 3249?
171
Calculate the highest common divisor of 7296 and 46080.
384
Calculate the highest common factor of 112 and 1988.
28
What is the greatest common divisor of 3666 and 650?
26
Calculate the highest common factor of 247 and 14040.
13
Calculate the greatest common factor of 80245 and 745.
5
Calculate the highest common divisor of 76277 and 1909.
83
What is the greatest common divisor of 62496 and 189?
63
What is the greatest common factor of 144 and 1390050?
18
Calculate the greatest common divisor of 175 and 7325.
25
Calculate the highest common divisor of 19944 and 2664.
72
What is the greatest common factor of 28 and 25?
1
What is the greatest common factor of 9420 and 660?
60
Calculate the greatest common factor of 566228 and 234.
26
What is the highest common divisor of 27130 and 30?
10
What is the greatest common factor of 225904 and 112?
112
Calculate the greatest common factor of 16 and 1064.
8
What is the greatest common divisor of 16096 and 20288?
32
What is the greatest common divisor of 763 and 179632?
109
What is the highest common divisor of 50 and 1007060?
10
Calculate the highest common factor of 5216 and 4238.
326
What is the greatest common divisor of 33985 and 70?
35
What is the greatest common divisor of 429 and 67353?
429
What is the highest common divisor of 196 and 26362?
98
What is the greatest common factor of 1613542 and 322?
322
Calculate the greatest common divisor of 201474 and 1274.
182
What is the greatest common divisor of 559 and 356291?
13
What is the highest common divisor of 17590 and 30?
10
Calculate the greatest common divisor of 75792 and 96.
48
Calculate the highest common factor of 140 and 1760.
20
What is the highest common factor of 1032 and 548016?
24
Calculate the highest common factor of 20381 and 10947.
89
What is the highest common divisor of 617 and 37?
1
What is the greatest common factor of 819 and 36?
9
Calculate the highest common factor of 12 and 36357.
3
Calculate the highest common factor of 215 and 61447.
43
Calculate the highest common factor of 29593 and 3809.
293
What is the greatest common factor of 1391 and 8453?
107
What is the greatest common factor of 56052 and 2?
2
Calculate the greatest common divisor of 5031 and 17329.
559
Calculate the highest common factor of 214318 and 13.
13
Calculate the greatest common divisor of 64 and 10846.
2
Calculate the highest common divisor of 12 and 1822.
2
Calculate the highest common divisor of 2823953 and 121.
11
Calculate the highest common divisor of 21 and 32823.
21
What is the highest common divisor of 960 and 543040?
320
Calculate the highest common divisor of 608566 and 3094.
238
What is the highest common divisor of 1032 and 48696?
24
What is the greatest common factor of 5535 and 783?
27
What is the highest common factor of 12 and 5052?
12
Calculate the greatest common divisor of 1 and 524073.
1
Calculate the highest common divisor of 390442 and 26.
26
What is the greatest common factor of 46448 and 240?
16
Calculate the highest common divisor of 63333 and 15663.
681
Calculate the greatest common factor of 3228 and 5028.
12
What is the highest common factor of 1391 and 1573?
13
What is the highest common factor of 259895 and 59?
59
What is the highest common factor of 1455 and 645?
15
What is the greatest common divisor of 4929 and 19875?
159
What is the greatest common divisor of 238 and 1294?
2
Calculate the greatest common factor of 70564 and 21229.
299
What is the greatest common divisor of 1039583 and 10381?
1483
Calculate the highest common factor of 189711 and 1379.
197
What is the greatest common divisor of 26631 and 297?
99
What is the greatest common factor of 4860 and 2980?
20
Calculate the highest common factor of 1155 and 177485.
385
What is the greatest common factor of 196 and 3262?
14
Calculate the highest common factor of 72 and 4842.
18
What is the greatest common factor of 172 and 612148?
172
Calculate the greatest common factor of 975 and 13.
13
Calculate the highest common divisor of 15951 and 18213.
39
Calculate the greatest common factor of 65836 and 216256.
436
What is the greatest common divisor of 9354 and 90?
6
What is the greatest common divisor of 1296 and 414?
18
Calculate the greatest common divisor of 160 and 745520.
80
What is the greatest common factor of 1800 and 54200?
200
What is the greatest common factor of 420940 and 11440?
260
Calculate the greatest common factor of 1890 and 4235.
35
Calculate the highest common divisor of 463334 and 114.
38
Calculate the highest common factor of 3470 and 6560.
10
What is the greatest common factor of 41 and 507170?
41
Calculate the greatest common divisor of 95812 and 68.
68
What is the greatest common factor of 135636 and 11036?
356
Calculate the highest common factor of 5211 and 5913.
27
What is the greatest common divisor of 30350 and 325?
25
Calculate the highest common divisor of 5446656 and 48.
48
What is the highest common factor of 150 and 18?
6
Calculate the greatest common factor of 1357 and 30337.
23
What is the greatest common divisor of 2264 and 302810?
566
What is the highest common divisor of 363237 and 98?
49
Calculate the highest common factor of 5148 and 32472.
396
Calculate the greatest common factor of 14701 and 41297.
61
What is the highest common divisor of 88998 and 4095?
273
Calculate the greatest common factor of 15694 and 912.
38
Calculate the greatest common factor of 1296 and 240.
48
Calculate the highest common divisor of 17745 and 20.
5
Calculate the highest common factor of 412231 and 4599.
73
What is the greatest common factor of 21654 and 54?
54
Calculate the highest common divisor of 210991 and 33.
11
Calculate the greatest common factor of 2152288 and 8.
8
What is the greatest common divisor of 10 and 8331910?
10
Calculate the greatest common factor of 32 and 276704.
32
What is the greatest common factor of 314595 and 180?
45
Calculate the highest common factor of 432 and 324.
108
What is the highest common divisor of 1 and 29920?
1
What is the highest common divisor of 7005 and 9495?
15
What is the highest common divisor of 26516 and 448?
28
What is the highest common factor of 93 and 8277?
93
Calculate the highest common divisor of 38202 and 18.
6
Calculate the greatest co